{"id":367,"date":"2015-11-17T10:41:48","date_gmt":"2015-11-17T08:41:48","guid":{"rendered":"http:\/\/www.bab-el-louk.org\/?page_id=367"},"modified":"2018-01-24T14:08:03","modified_gmt":"2018-01-24T12:08:03","slug":"les-golssas-de-casablanca","status":"publish","type":"page","link":"http:\/\/www.bab-el-louk.org\/?page_id=367","title":{"rendered":"Dans les \u00ab\u00a0golssas\u00a0\u00bb de Casablanca"},"content":{"rendered":"<div id=\"metaslider-id-1720\" style=\"width: 100%;\" class=\"ml-slider-3-104-0 metaslider metaslider-flex metaslider-1720 ml-slider has-dots-nav ms-theme-default\" role=\"region\" aria-label=\"Golssas\" data-height=\"800\" data-width=\"1200\">\n    <div id=\"metaslider_container_1720\">\n        <div id=\"metaslider_1720\">\n            <ul class='slides'>\n                <li style=\"display: block; width: 100%;\" class=\"slide-1757 ms-image \" aria-roledescription=\"slide\" data-date=\"2018-01-24 14:02:20\" data-filename=\"Golssas-1-1200x800.jpg\" data-slide-type=\"image\"><img loading=\"lazy\" decoding=\"async\" src=\"http:\/\/www.bab-el-louk.org\/wp-content\/uploads\/2018\/01\/Golssas-1-1200x800.jpg\" height=\"800\" width=\"1200\" alt=\"\" class=\"slider-1720 slide-1757 msDefaultImage\" \/><div class=\"caption-wrap\"><div class=\"caption\">\u00a9 Pascal Garret - Casablanca - mai 2016<\/div><\/div><\/li>\n                <li style=\"display: none; width: 100%;\" class=\"slide-1758 ms-image \" aria-roledescription=\"slide\" data-date=\"2018-01-24 14:02:20\" data-filename=\"Golssas-2-1200x800.jpg\" data-slide-type=\"image\"><img loading=\"lazy\" decoding=\"async\" src=\"http:\/\/www.bab-el-louk.org\/wp-content\/uploads\/2018\/01\/Golssas-2-1200x800.jpg\" height=\"800\" width=\"1200\" alt=\"\" class=\"slider-1720 slide-1758 msDefaultImage\" \/><div class=\"caption-wrap\"><div class=\"caption\">\u00a9 Pascal Garret - Casablanca - janvier 2015<\/div><\/div><\/li>\n                <li style=\"display: none; width: 100%;\" class=\"slide-1759 ms-image \" aria-roledescription=\"slide\" data-date=\"2018-01-24 14:02:20\" data-filename=\"Golssas-3-1200x800.jpg\" data-slide-type=\"image\"><img loading=\"lazy\" decoding=\"async\" src=\"http:\/\/www.bab-el-louk.org\/wp-content\/uploads\/2018\/01\/Golssas-3-1200x800.jpg\" height=\"800\" width=\"1200\" alt=\"\" class=\"slider-1720 slide-1759 msDefaultImage\" \/><div class=\"caption-wrap\"><div class=\"caption\">\u00a9 Pascal Garret - Casablanca - janvier 2015<\/div><\/div><\/li>\n                <li style=\"display: none; width: 100%;\" class=\"slide-1760 ms-image \" aria-roledescription=\"slide\" data-date=\"2018-01-24 14:02:20\" data-filename=\"Golssas-4-1200x800.jpg\" data-slide-type=\"image\"><img loading=\"lazy\" decoding=\"async\" src=\"http:\/\/www.bab-el-louk.org\/wp-content\/uploads\/2018\/01\/Golssas-4-1200x800.jpg\" height=\"800\" width=\"1200\" alt=\"\" class=\"slider-1720 slide-1760 msDefaultImage\" \/><div class=\"caption-wrap\"><div class=\"caption\">\u00a9 Pascal Garret - Casablanca - janvier 2015<\/div><\/div><\/li>\n                <li style=\"display: none; width: 100%;\" class=\"slide-1761 ms-image \" aria-roledescription=\"slide\" data-date=\"2018-01-24 14:02:20\" data-filename=\"Golssas-5-1200x800.jpg\" data-slide-type=\"image\"><img loading=\"lazy\" decoding=\"async\" src=\"http:\/\/www.bab-el-louk.org\/wp-content\/uploads\/2018\/01\/Golssas-5-1200x800.jpg\" height=\"800\" width=\"1200\" alt=\"\" class=\"slider-1720 slide-1761 msDefaultImage\" \/><div class=\"caption-wrap\"><div class=\"caption\">\u00a9 Pascal Garret - Casablanca - janvier 2015<\/div><\/div><\/li>\n                <li style=\"display: none; width: 100%;\" class=\"slide-1762 ms-image \" aria-roledescription=\"slide\" data-date=\"2018-01-24 14:02:20\" data-filename=\"Golssas-6-1200x800.jpg\" data-slide-type=\"image\"><img loading=\"lazy\" decoding=\"async\" src=\"http:\/\/www.bab-el-louk.org\/wp-content\/uploads\/2018\/01\/Golssas-6-1200x800.jpg\" height=\"800\" width=\"1200\" alt=\"\" class=\"slider-1720 slide-1762 msDefaultImage\" \/><div class=\"caption-wrap\"><div class=\"caption\">\u00a9 Pascal Garret - Casablanca - janvier 2015<\/div><\/div><\/li>\n                <li style=\"display: none; width: 100%;\" class=\"slide-1763 ms-image \" aria-roledescription=\"slide\" data-date=\"2018-01-24 14:02:20\" data-filename=\"Golssas-7-1200x800.jpg\" data-slide-type=\"image\"><img loading=\"lazy\" decoding=\"async\" src=\"http:\/\/www.bab-el-louk.org\/wp-content\/uploads\/2018\/01\/Golssas-7-1200x800.jpg\" height=\"800\" width=\"1200\" alt=\"\" class=\"slider-1720 slide-1763 msDefaultImage\" \/><div class=\"caption-wrap\"><div class=\"caption\">\u00a9 Pascal Garret - Casablanca - janvier 2015<\/div><\/div><\/li>\n                <li style=\"display: none; width: 100%;\" class=\"slide-1764 ms-image \" aria-roledescription=\"slide\" data-date=\"2018-01-24 14:02:20\" data-filename=\"Golssas-8-1200x800.jpg\" data-slide-type=\"image\"><img loading=\"lazy\" decoding=\"async\" src=\"http:\/\/www.bab-el-louk.org\/wp-content\/uploads\/2018\/01\/Golssas-8-1200x800.jpg\" height=\"800\" width=\"1200\" alt=\"\" class=\"slider-1720 slide-1764 msDefaultImage\" \/><div class=\"caption-wrap\"><div class=\"caption\">\u00a9 Pascal Garret - Casablanca - janvier 2015<\/div><\/div><\/li>\n                <li style=\"display: none; width: 100%;\" class=\"slide-1765 ms-image \" aria-roledescription=\"slide\" data-date=\"2018-01-24 14:02:21\" data-filename=\"Golssas-9-1200x800.jpg\" data-slide-type=\"image\"><img loading=\"lazy\" decoding=\"async\" src=\"http:\/\/www.bab-el-louk.org\/wp-content\/uploads\/2018\/01\/Golssas-9-1200x800.jpg\" height=\"800\" width=\"1200\" alt=\"\" class=\"slider-1720 slide-1765 msDefaultImage\" \/><div class=\"caption-wrap\"><div class=\"caption\">\u00a9 Pascal Garret - Casablanca - janvier 2015<\/div><\/div><\/li>\n                <li style=\"display: none; width: 100%;\" class=\"slide-1766 ms-image \" aria-roledescription=\"slide\" data-date=\"2018-01-24 14:02:21\" data-filename=\"Golssas-10-1200x800.jpg\" data-slide-type=\"image\"><img loading=\"lazy\" decoding=\"async\" src=\"http:\/\/www.bab-el-louk.org\/wp-content\/uploads\/2018\/01\/Golssas-10-1200x800.jpg\" height=\"800\" width=\"1200\" alt=\"\" class=\"slider-1720 slide-1766 msDefaultImage\" \/><div class=\"caption-wrap\"><div class=\"caption\">\u00a9 Pascal Garret - Casablanca - janvier 2015<\/div><\/div><\/li>\n                <li style=\"display: none; width: 100%;\" class=\"slide-1767 ms-image \" aria-roledescription=\"slide\" data-date=\"2018-01-24 14:02:21\" data-filename=\"Golssas-11-1200x800.jpg\" data-slide-type=\"image\"><img loading=\"lazy\" decoding=\"async\" src=\"http:\/\/www.bab-el-louk.org\/wp-content\/uploads\/2018\/01\/Golssas-11-1200x800.jpg\" height=\"800\" width=\"1200\" alt=\"\" class=\"slider-1720 slide-1767 msDefaultImage\" \/><div class=\"caption-wrap\"><div class=\"caption\">\u00a9 Pascal Garret - Casablanca - janvier 2015<\/div><\/div><\/li>\n                <li style=\"display: none; width: 100%;\" class=\"slide-1768 ms-image \" aria-roledescription=\"slide\" data-date=\"2018-01-24 14:02:21\" data-filename=\"Golssas-12-1200x800.jpg\" data-slide-type=\"image\"><img loading=\"lazy\" decoding=\"async\" src=\"http:\/\/www.bab-el-louk.org\/wp-content\/uploads\/2018\/01\/Golssas-12-1200x800.jpg\" height=\"800\" width=\"1200\" alt=\"\" class=\"slider-1720 slide-1768 msDefaultImage\" \/><div class=\"caption-wrap\"><div class=\"caption\">\u00a9 Pascal Garret - Casablanca - janvier 2015<\/div><\/div><\/li>\n                <li style=\"display: none; width: 100%;\" class=\"slide-1769 ms-image \" aria-roledescription=\"slide\" data-date=\"2018-01-24 14:02:21\" data-filename=\"Golssas-13-1200x800.jpg\" data-slide-type=\"image\"><img loading=\"lazy\" decoding=\"async\" src=\"http:\/\/www.bab-el-louk.org\/wp-content\/uploads\/2018\/01\/Golssas-13-1200x800.jpg\" height=\"800\" width=\"1200\" alt=\"\" class=\"slider-1720 slide-1769 msDefaultImage\" \/><div class=\"caption-wrap\"><div class=\"caption\">\u00a9 Pascal Garret - Casablanca - janvier 2015<\/div><\/div><\/li>\n                <li style=\"display: none; width: 100%;\" class=\"slide-1770 ms-image \" aria-roledescription=\"slide\" data-date=\"2018-01-24 14:02:21\" data-filename=\"Golssas-14-1200x800.jpg\" data-slide-type=\"image\"><img loading=\"lazy\" decoding=\"async\" src=\"http:\/\/www.bab-el-louk.org\/wp-content\/uploads\/2018\/01\/Golssas-14-1200x800.jpg\" height=\"800\" width=\"1200\" alt=\"\" class=\"slider-1720 slide-1770 msDefaultImage\" \/><div class=\"caption-wrap\"><div class=\"caption\">\u00a9 Pascal Garret - Casablanca - janvier 2015<\/div><\/div><\/li>\n                <li style=\"display: none; width: 100%;\" class=\"slide-1771 ms-image \" aria-roledescription=\"slide\" data-date=\"2018-01-24 14:02:21\" data-filename=\"Golssas-15-1200x800.jpg\" data-slide-type=\"image\"><img loading=\"lazy\" decoding=\"async\" src=\"http:\/\/www.bab-el-louk.org\/wp-content\/uploads\/2018\/01\/Golssas-15-1200x800.jpg\" height=\"800\" width=\"1200\" alt=\"\" class=\"slider-1720 slide-1771 msDefaultImage\" \/><div class=\"caption-wrap\"><div class=\"caption\">\u00a9 Pascal Garret - Casablanca - janvier 2015<\/div><\/div><\/li>\n                <li style=\"display: none; width: 100%;\" class=\"slide-1772 ms-image \" aria-roledescription=\"slide\" data-date=\"2018-01-24 14:02:21\" data-filename=\"Golssas-16-1200x800.jpg\" data-slide-type=\"image\"><img loading=\"lazy\" decoding=\"async\" src=\"http:\/\/www.bab-el-louk.org\/wp-content\/uploads\/2018\/01\/Golssas-16-1200x800.jpg\" height=\"800\" width=\"1200\" alt=\"\" class=\"slider-1720 slide-1772 msDefaultImage\" \/><div class=\"caption-wrap\"><div class=\"caption\">\u00a9 Pascal Garret - Casablanca - janvier 2015<\/div><\/div><\/li>\n                <li style=\"display: none; width: 100%;\" class=\"slide-1773 ms-image \" aria-roledescription=\"slide\" data-date=\"2018-01-24 14:02:21\" data-filename=\"Golssas-17-1200x800.jpg\" data-slide-type=\"image\"><img loading=\"lazy\" decoding=\"async\" src=\"http:\/\/www.bab-el-louk.org\/wp-content\/uploads\/2018\/01\/Golssas-17-1200x800.jpg\" height=\"800\" width=\"1200\" alt=\"\" class=\"slider-1720 slide-1773 msDefaultImage\" \/><div class=\"caption-wrap\"><div class=\"caption\">\u00a9 Pascal Garret - Casablanca - janvier 2015<\/div><\/div><\/li>\n                <li style=\"display: none; width: 100%;\" class=\"slide-1774 ms-image \" aria-roledescription=\"slide\" data-date=\"2018-01-24 14:02:21\" data-filename=\"Golssas-18-1200x800.jpg\" data-slide-type=\"image\"><img loading=\"lazy\" decoding=\"async\" src=\"http:\/\/www.bab-el-louk.org\/wp-content\/uploads\/2018\/01\/Golssas-18-1200x800.jpg\" height=\"800\" width=\"1200\" alt=\"\" class=\"slider-1720 slide-1774 msDefaultImage\" \/><div class=\"caption-wrap\"><div class=\"caption\">\u00a9 Pascal Garret - Casablanca - janvier 2015<\/div><\/div><\/li>\n                <li style=\"display: none; width: 100%;\" class=\"slide-1775 ms-image \" aria-roledescription=\"slide\" data-date=\"2018-01-24 14:02:21\" data-filename=\"Golssas-19-1200x800.jpg\" data-slide-type=\"image\"><img loading=\"lazy\" decoding=\"async\" src=\"http:\/\/www.bab-el-louk.org\/wp-content\/uploads\/2018\/01\/Golssas-19-1200x800.jpg\" height=\"800\" width=\"1200\" alt=\"\" class=\"slider-1720 slide-1775 msDefaultImage\" \/><div class=\"caption-wrap\"><div class=\"caption\">\u00a9 Pascal Garret - Casablanca - janvier 2015<\/div><\/div><\/li>\n                <li style=\"display: none; width: 100%;\" class=\"slide-1776 ms-image \" aria-roledescription=\"slide\" data-date=\"2018-01-24 14:02:21\" data-filename=\"Golssas-20-1200x800.jpg\" data-slide-type=\"image\"><img loading=\"lazy\" decoding=\"async\" src=\"http:\/\/www.bab-el-louk.org\/wp-content\/uploads\/2018\/01\/Golssas-20-1200x800.jpg\" height=\"800\" width=\"1200\" alt=\"\" class=\"slider-1720 slide-1776 msDefaultImage\" \/><div class=\"caption-wrap\"><div class=\"caption\">\u00a9 Pascal Garret - Casablanca - mai 2016<\/div><\/div><\/li>\n                <li style=\"display: none; width: 100%;\" class=\"slide-1778 ms-image \" aria-roledescription=\"slide\" data-date=\"2018-01-24 14:02:22\" data-filename=\"Golssas-22-1200x800.jpg\" data-slide-type=\"image\"><img loading=\"lazy\" decoding=\"async\" src=\"http:\/\/www.bab-el-louk.org\/wp-content\/uploads\/2018\/01\/Golssas-22-1200x800.jpg\" height=\"800\" width=\"1200\" alt=\"\" class=\"slider-1720 slide-1778 msDefaultImage\" \/><div class=\"caption-wrap\"><div class=\"caption\">\u00a9 Pascal Garret - Casablanca - mai 2016<\/div><\/div><\/li>\n                <li style=\"display: none; width: 100%;\" class=\"slide-1779 ms-image \" aria-roledescription=\"slide\" data-date=\"2018-01-24 14:02:22\" data-filename=\"Golssas-23-1200x800.jpg\" data-slide-type=\"image\"><img loading=\"lazy\" decoding=\"async\" src=\"http:\/\/www.bab-el-louk.org\/wp-content\/uploads\/2018\/01\/Golssas-23-1200x800.jpg\" height=\"800\" width=\"1200\" alt=\"\" class=\"slider-1720 slide-1779 msDefaultImage\" \/><div class=\"caption-wrap\"><div class=\"caption\">\u00a9 Pascal Garret - Casablanca - avril 2017<\/div><\/div><\/li>\n                <li style=\"display: none; width: 100%;\" class=\"slide-1780 ms-image \" aria-roledescription=\"slide\" data-date=\"2018-01-24 14:02:22\" data-filename=\"Golssas-24-1200x800.jpg\" data-slide-type=\"image\"><img loading=\"lazy\" decoding=\"async\" src=\"http:\/\/www.bab-el-louk.org\/wp-content\/uploads\/2018\/01\/Golssas-24-1200x800.jpg\" height=\"800\" width=\"1200\" alt=\"\" class=\"slider-1720 slide-1780 msDefaultImage\" \/><div class=\"caption-wrap\"><div class=\"caption\">\u00a9 Pascal Garret - Casablanca - avril 2017<\/div><\/div><\/li>\n                <li style=\"display: none; width: 100%;\" class=\"slide-1781 ms-image \" aria-roledescription=\"slide\" data-date=\"2018-01-24 14:02:22\" data-filename=\"Golssas-25-1200x800.jpg\" data-slide-type=\"image\"><img loading=\"lazy\" decoding=\"async\" src=\"http:\/\/www.bab-el-louk.org\/wp-content\/uploads\/2018\/01\/Golssas-25-1200x800.jpg\" height=\"800\" width=\"1200\" alt=\"\" class=\"slider-1720 slide-1781 msDefaultImage\" \/><div class=\"caption-wrap\"><div class=\"caption\">\u00a9 Pascal Garret - Casablanca - avril 2017<\/div><\/div><\/li>\n                <li style=\"display: none; width: 100%;\" class=\"slide-1782 ms-image \" aria-roledescription=\"slide\" data-date=\"2018-01-24 14:02:23\" data-filename=\"Golssas-26-1200x800.jpg\" data-slide-type=\"image\"><img loading=\"lazy\" decoding=\"async\" src=\"http:\/\/www.bab-el-louk.org\/wp-content\/uploads\/2018\/01\/Golssas-26-1200x800.jpg\" height=\"800\" width=\"1200\" alt=\"\" class=\"slider-1720 slide-1782 msDefaultImage\" \/><div class=\"caption-wrap\"><div class=\"caption\">\u00a9 Pascal Garret - Casablanca - avril 2017<\/div><\/div><\/li>\n                <li style=\"display: none; width: 100%;\" class=\"slide-1783 ms-image \" aria-roledescription=\"slide\" data-date=\"2018-01-24 14:02:23\" data-filename=\"Golssas-27-1200x800.jpg\" data-slide-type=\"image\"><img loading=\"lazy\" decoding=\"async\" src=\"http:\/\/www.bab-el-louk.org\/wp-content\/uploads\/2018\/01\/Golssas-27-1200x800.jpg\" height=\"800\" width=\"1200\" alt=\"\" class=\"slider-1720 slide-1783 msDefaultImage\" \/><div class=\"caption-wrap\"><div class=\"caption\">\u00a9 Pascal Garret - Casablanca - avril 2017<\/div><\/div><\/li>\n                <li style=\"display: none; width: 100%;\" class=\"slide-1784 ms-image \" aria-roledescription=\"slide\" data-date=\"2018-01-24 14:02:23\" data-filename=\"Golssas-28-1200x800.jpg\" data-slide-type=\"image\"><img loading=\"lazy\" decoding=\"async\" src=\"http:\/\/www.bab-el-louk.org\/wp-content\/uploads\/2018\/01\/Golssas-28-1200x800.jpg\" height=\"800\" width=\"1200\" alt=\"\" class=\"slider-1720 slide-1784 msDefaultImage\" \/><div class=\"caption-wrap\"><div class=\"caption\">\u00a9 Pascal Garret - Casablanca - avril 2017<\/div><\/div><\/li>\n                <li style=\"display: none; width: 100%;\" class=\"slide-1785 ms-image \" aria-roledescription=\"slide\" data-date=\"2018-01-24 14:02:24\" data-filename=\"Golssas-29-1200x800.jpg\" data-slide-type=\"image\"><img loading=\"lazy\" decoding=\"async\" src=\"http:\/\/www.bab-el-louk.org\/wp-content\/uploads\/2018\/01\/Golssas-29-1200x800.jpg\" height=\"800\" width=\"1200\" alt=\"\" class=\"slider-1720 slide-1785 msDefaultImage\" \/><div class=\"caption-wrap\"><div class=\"caption\">\u00a9 Pascal Garret - Casablanca - avril 2017<\/div><\/div><\/li>\n                <li style=\"display: none; width: 100%;\" class=\"slide-1786 ms-image \" aria-roledescription=\"slide\" data-date=\"2018-01-24 14:02:24\" data-filename=\"Golssas-30-1200x800.jpg\" data-slide-type=\"image\"><img loading=\"lazy\" decoding=\"async\" src=\"http:\/\/www.bab-el-louk.org\/wp-content\/uploads\/2018\/01\/Golssas-30-1200x800.jpg\" height=\"800\" width=\"1200\" alt=\"\" class=\"slider-1720 slide-1786 msDefaultImage\" \/><div class=\"caption-wrap\"><div class=\"caption\">\u00a9 Pascal Garret - Casablanca - avril 2017<\/div><\/div><\/li>\n                <li style=\"display: none; width: 100%;\" class=\"slide-1787 ms-image \" aria-roledescription=\"slide\" data-date=\"2018-01-24 14:02:25\" data-filename=\"Golssas-31-1200x800.jpg\" data-slide-type=\"image\"><img loading=\"lazy\" decoding=\"async\" src=\"http:\/\/www.bab-el-louk.org\/wp-content\/uploads\/2018\/01\/Golssas-31-1200x800.jpg\" height=\"800\" width=\"1200\" alt=\"\" class=\"slider-1720 slide-1787 msDefaultImage\" \/><div class=\"caption-wrap\"><div class=\"caption\">\u00a9 Pascal Garret - Casablanca - avril 2017<\/div><\/div><\/li>\n                <li style=\"display: none; width: 100%;\" class=\"slide-1788 ms-image \" aria-roledescription=\"slide\" data-date=\"2018-01-24 14:02:26\" data-filename=\"Golssas-32-1200x800.jpg\" data-slide-type=\"image\"><img loading=\"lazy\" decoding=\"async\" src=\"http:\/\/www.bab-el-louk.org\/wp-content\/uploads\/2018\/01\/Golssas-32-1200x800.jpg\" height=\"800\" width=\"1200\" alt=\"\" class=\"slider-1720 slide-1788 msDefaultImage\" \/><div class=\"caption-wrap\"><div class=\"caption\">\u00a9 Pascal Garret - Casablanca - avril 2017<\/div><\/div><\/li>\n                <li style=\"display: none; width: 100%;\" class=\"slide-1789 ms-image \" aria-roledescription=\"slide\" data-date=\"2018-01-24 14:02:26\" data-filename=\"Golssas-33-1200x800.jpg\" data-slide-type=\"image\"><img loading=\"lazy\" decoding=\"async\" src=\"http:\/\/www.bab-el-louk.org\/wp-content\/uploads\/2018\/01\/Golssas-33-1200x800.jpg\" height=\"800\" width=\"1200\" alt=\"\" class=\"slider-1720 slide-1789 msDefaultImage\" \/><div class=\"caption-wrap\"><div class=\"caption\">\u00a9 Pascal Garret - Casablanca - avril 2017<\/div><\/div><\/li>\n                <li style=\"display: none; width: 100%;\" class=\"slide-1790 ms-image \" aria-roledescription=\"slide\" data-date=\"2018-01-24 14:02:26\" data-filename=\"Golssas-34-1200x800.jpg\" data-slide-type=\"image\"><img loading=\"lazy\" decoding=\"async\" src=\"http:\/\/www.bab-el-louk.org\/wp-content\/uploads\/2018\/01\/Golssas-34-1200x800.jpg\" height=\"800\" width=\"1200\" alt=\"\" class=\"slider-1720 slide-1790 msDefaultImage\" \/><div class=\"caption-wrap\"><div class=\"caption\">\u00a9 Pascal Garret - Casablanca - avril 2017<\/div><\/div><\/li>\n                <li style=\"display: none; width: 100%;\" class=\"slide-1791 ms-image \" aria-roledescription=\"slide\" data-date=\"2018-01-24 14:02:26\" data-filename=\"Golssas-35-1200x800.jpg\" data-slide-type=\"image\"><img loading=\"lazy\" decoding=\"async\" src=\"http:\/\/www.bab-el-louk.org\/wp-content\/uploads\/2018\/01\/Golssas-35-1200x800.jpg\" height=\"800\" width=\"1200\" alt=\"\" class=\"slider-1720 slide-1791 msDefaultImage\" \/><div class=\"caption-wrap\"><div class=\"caption\">\u00a9 Pascal Garret - Casablanca - avril 2017<\/div><\/div><\/li>\n                <li style=\"display: none; width: 100%;\" class=\"slide-1792 ms-image \" aria-roledescription=\"slide\" data-date=\"2018-01-24 14:02:27\" data-filename=\"Golssas-36-1200x800.jpg\" data-slide-type=\"image\"><img loading=\"lazy\" decoding=\"async\" src=\"http:\/\/www.bab-el-louk.org\/wp-content\/uploads\/2018\/01\/Golssas-36-1200x800.jpg\" height=\"800\" width=\"1200\" alt=\"\" class=\"slider-1720 slide-1792 msDefaultImage\" \/><div class=\"caption-wrap\"><div class=\"caption\">\u00a9 Pascal Garret - Casablanca - avril 2017<\/div><\/div><\/li>\n            <\/ul>\n        <\/div>\n        \n    <\/div>\n<\/div>\n<p>Le quartier des \u00ab\u00a0golssas\u00a0\u00bb de Casablanca se situe dans une d\u00e9pression situ\u00e9e en p\u00e9riph\u00e9rie sud de la ville et est quasiment invisible de l\u2019ext\u00e9rieur. Ce n&rsquo;est pas un quartier d&rsquo;habitat, la plupart des r\u00e9cup\u00e9rateurs de d\u00e9chets qui y travaillent vivent dans les douars-bidonvilles voisins, sauf certains hommes qui viennent d&rsquo;autres r\u00e9gions du Maroc et vivent sur place dans des cabanes.<\/p>\n<p>Les r\u00e9cup\u00e9rateurs ne sont pas propri\u00e9taires des terrains qu\u2019ils louent \u00e0 une famille. Il y a de nombreuses pressions immobili\u00e8res sur le quartier (Sur les plans d\u2019urbanisme du grand Casablanca, on voit d\u00e9j\u00e0 le trac\u00e9 des futurs lotissements).<\/p>\n<p>Les golssas (du verbe \u201cs\u2019asseoir\u201d pour trier, m\u00eame si en r\u00e9alit\u00e9 personne ne s\u2019assied&#8230;) sont des enclos de taille diverses entour\u00e9s de palissades (t\u00f4les, ou d\u00e9chets s\u00e9ch\u00e9s qui forment une sorte de mur) o\u00f9 les r\u00e9cup\u00e9rateurs de la ville (\u00ab\u00a0mikhali\u00a0\u00bb ou \u00ab\u00a0bou\u00e2ra\u00a0\u00bb d\u00e9riv\u00e9 du fran\u00e7ais \u00ab\u00a0\u00e9boueur\u00a0\u00bb) rapportent leur collecte. Ceux-ci louent leurs charrettes et \u00e2nes au patron de la golssa qui leur ach\u00e8te au poids leur r\u00e9colte.<\/p>\n<p>Les golssas peuvent parfois \u00eatre polyvalentes (plastiques, bois, m\u00e9tal, chiffons), auquel cas les mat\u00e9riaux sont r\u00e9partis par types, d\u2019autres sont sp\u00e9cialis\u00e9es sur une mati\u00e8re particuli\u00e8re (d\u00e9chets de tissus par exemple).<\/p>\n<p>Il y aurait environ 3000 personnes en activit\u00e9 dans ces golssas, dont beaucoup de jeunes hommes et environ 300 \u00e0 400 femmes (au tri). Les r\u00e9cup\u00e9rateurs travaillent tous les jours de la semaine, m\u00eame pendant le ramadan. Le nombre de r\u00e9cup\u00e9rateurs aurait augment\u00e9 ces derni\u00e8res ann\u00e9es.<\/p>\n<p>De nombreux animaux sont pr\u00e9sents sur place : \u00e2nes, chevaux, vaches, moutons, poules, chiens errants, chats, oiseaux&#8230;<\/p>\n","protected":false},"excerpt":{"rendered":"<p>Le quartier des \u00ab\u00a0golssas\u00a0\u00bb de Casablanca se situe dans une d\u00e9pression situ\u00e9e en p\u00e9riph\u00e9rie sud de la ville et est quasiment invisible de l\u2019ext\u00e9rieur. Ce n&rsquo;est pas un quartier d&rsquo;habitat, la plupart des r\u00e9cup\u00e9rateurs de d\u00e9chets qui y travaillent vivent dans les douars-bidonvilles voisins, sauf certains hommes qui viennent d&rsquo;autres r\u00e9gions du Maroc et vivent &#8230; <a title=\"Dans les \u00ab\u00a0golssas\u00a0\u00bb de Casablanca\" class=\"read-more\" href=\"http:\/\/www.bab-el-louk.org\/?page_id=367\" aria-label=\"En savoir plus sur Dans les \u00ab\u00a0golssas\u00a0\u00bb de Casablanca\">Lire la suite<\/a><\/p>\n","protected":false},"author":1,"featured_media":0,"parent":0,"menu_order":0,"comment_status":"closed","ping_status":"closed","template":"","meta":{"footnotes":""},"class_list":["post-367","page","type-page","status-publish"],"_links":{"self":[{"href":"http:\/\/www.bab-el-louk.org\/index.php?rest_route=\/wp\/v2\/pages\/367","targetHints":{"allow":["GET"]}}],"collection":[{"href":"http:\/\/www.bab-el-louk.org\/index.php?rest_route=\/wp\/v2\/pages"}],"about":[{"href":"http:\/\/www.bab-el-louk.org\/index.php?rest_route=\/wp\/v2\/types\/page"}],"author":[{"embeddable":true,"href":"http:\/\/www.bab-el-louk.org\/index.php?rest_route=\/wp\/v2\/users\/1"}],"replies":[{"embeddable":true,"href":"http:\/\/www.bab-el-louk.org\/index.php?rest_route=%2Fwp%2Fv2%2Fcomments&post=367"}],"version-history":[{"count":17,"href":"http:\/\/www.bab-el-louk.org\/index.php?rest_route=\/wp\/v2\/pages\/367\/revisions"}],"predecessor-version":[{"id":1793,"href":"http:\/\/www.bab-el-louk.org\/index.php?rest_route=\/wp\/v2\/pages\/367\/revisions\/1793"}],"wp:attachment":[{"href":"http:\/\/www.bab-el-louk.org\/index.php?rest_route=%2Fwp%2Fv2%2Fmedia&parent=367"}],"curies":[{"name":"wp","href":"https:\/\/api.w.org\/{rel}","templated":true}]}}